 Give i(z).
-1
Let s = 33 + -28. Suppose q = -s*h - 8, 3*h - 4*h - 10 = -4*q. Let n(u) = u**q + 54 - 7*u + 54 - 112. Calculate n(7).
-4
Let x(a) = -6*a - 10. Let t(i) = -i - 2. Let z(p) = 11*t(p) - 2*x(p). Let l(w) = -29*w - 94. Let s be l(-13). Let j = 279 - s. Determine z(j).
-6
Let w(f) be the second derivative of -f**8/6720 + 2*f**7/315 - f**5/60 + 51*f**4/2 + 293*f. Let c(h) be the third derivative of w(h). Give c(16).
-2
Let j(a) = a - 14. Let g(d) = -d. Suppose 2*b + 1 = -5. Let o be g(b). Suppose -3*n + 30 = -o*v, -3*n + 0*n + 34 = -5*v. What is j(n)?
-6
Let b(q) = -q**2 + 7*q - 5. Let j(i) = 3*i - 12. Let h be j(12). Suppose 10*r = 6*r. Suppose -v + 1 = 3*g, r = 3*v - 8*v + 4*g + h. Determine b(v).
7
Let q(a) be the second derivative of -a**5/20 + 5*a**4/12 + a**3/6 - 5*a**2/2 + 449*a + 3. What is q(5)?
0
Let i(s) = s**2 - 8*s - 23. Let u = 753 - 743. Give i(u).
-3
Let r(m) = 18*m**2 - 3*m + 3. Let s be r(1). Suppose -5*v - 156 = -s*v. Let t(j) = -2*j + 15. Determine t(v).
-9
Let j(r) = -8*r**3 - r. Let b be (-18)/117 + (-152)/26. Suppose 4*l - 4*f - 32 = 0, -4*f + f + 25 = 4*l. Let a = l + b. What is j(a)?
-9
Suppose -5*l + 2*y = -45, 0 = -0*y + 3*y - 15. Suppose 11 = 2*z - o, z - 5*o = l + 8. Suppose z*b = 10 + 2. Let i(v) = v**3 - 3*v**2 + 4. What is i(b)?
4
Let m = 5 + -7. Let q be -7 - (m - (-1)/(-1)). Let y(n) = n**2 - 33*n + 78*n - 2 - 41*n. What is y(q)?
-2
Let z(d) = d - 5. Let i(p) = -p + 4. Let a(w) = 6*i(w) + 4*z(w). Suppose -6*s = -7*s + 2*g + 23, 68 = 4*s - 2*g. Suppose 34*o - 31*o = s. Give a(o).
-6
Let y(p) = 2*p**2 - 6*p - 23. Let u(k) be the second derivative of k**4/12 - k**3/2 - 6*k**2 - 2*k + 4. Let x(q) = -7*u(q) + 4*y(q). Calculate x(6).
10
Let p(u) = -u**2 - 17*u - 80. Let r = 9673 + -9682. Determine p(r).
-8
Let l(t) = 11*t + 4 - 6*t**2 + 3*t**2 - 13*t. Let c = 396 + -399. Determine l(c).
-17
Let c(l) = 125*l + 265. Let i(j) = -51*j - 132. Let y(u) = -2*c(u) - 5*i(u). Calculate y(-27).
-5
Let h(v) = 2*v**3 - v - 16. Let m(c) = 5*c**3 + 3*c**2 - 5*c - 27. Let d(r) = 2*h(r) - m(r). Calculate d(2).
-19
Let s be (2 - 72/39)*(-11440)/(-440). Let v(i) be the third derivative of 0 - 1/8*i**4 - s*i**2 - 1/60*i**5 - 1/2*i**3 + 0*i. Calculate v(-2).
-1
Let i(q) = 3*q - 88. Let f(u) = 6*u - 143. Let k(l) = 3*f(l) - 5*i(l). What is k(4)?
23
Suppose 5*a + 7*z - 12*z + 35 = 0, 3*z = -4*a. Let b(n) = -37*n - 109. Let k be b(a). Let d(c) = c**3 - 3*c**2 + 3*c. What is d(k)?
2
Let i(a) = -a**2 - 11*a + 124. Let c be i(7). Let k(p) = -53*p - 114. Let m be k(c). Let s(h) = -9*h - 11. Give s(m).
61
Let k(g) = -5*g + 2. Let l be (-2)/((-10)/75*5). Let r be (-6)/(-9)*l*4/8. Give k(r).
-3
Let s(a) = 2*a + 2. Let o(l) = -l. Let v be 40/(-10) - 58/4*-2. Suppose 0 = 2*k + 3*k - v. Let f(c) = k*o(c) + s(c). What is f(-6)?
20
Let d be 9 + -12 - (0 + -3). Suppose 0 = 3*t + 3*g - 15, -5*t + d = 2*g - 31. Let j(o) = -3*o + 2*o - 3 - o. Determine j(t).
-17
Let p(i) = 2*i**2 + 54*i + 358. Let t be p(-18). Let v(z) = z - 45. Determine v(t).
-11
Let d(f) = -22*f**2 - 2*f + 1. Let t(x) = -19 - 30 - 6 - 28 - 13*x + 48 - x**2. Let i be t(-9). Give d(i).
-23
Let i(g) = g**3 + 8*g**2 - 8*g + 8. Suppose 9*u - 275 = -86. Suppose 5*z + u = -4*m, -2*z + z = m + 6. Give i(m).
-1
Let s(k) = -639 - 20*k - 623 - 640 + 1917. What is s(5)?
-85
Let v(l) = -21*l**3 - 2*l**2 + 2*l - 1. Let k(i) = 4*i**2 + 13*i - 3. Let h be k(-4). Suppose 33 - 24 = h*s. Give v(s).
-22
Let v(q) = -2*q**2 - 12*q + 2. Let c be v(-5). Let f(h) be the first derivative of h**4/4 - 4*h**3 - h**2 + 15*h - 15. Determine f(c).
-9
Suppose -12 = f + w - 17, -4*w + 14 = 2*f. Let y(v) = 3 + 5*v**3 - 2 + 1 - 12*v**3 + 6*v**f. Let p(x) = x + 2. Let g be p(-2). What is y(g)?
2
Let p(d) = 4 - d - 15 + 24. Suppose r + 2*r = 4*n - 16, -r + 8 = 2*n. What is p(r)?
13
Let c(a) = a**3 - 11*a**2 + 3*a - 2. Let t(b) = -27*b - 206. Let q be t(-8). Give c(q).
-72
Let g(b) = 5*b**2 - 164*b - 12. Let s(q) = -6*q**2 + 235*q + 9. Let i(a) = 3*g(a) + 2*s(a). Give i(10).
62
Let r = 2366 - 2356. Let b(k) = -2*k + 5. Give b(r).
-15
Let q(u) = -u**3 + 8*u**2 - 10*u - 13. Let f be q(6). Let x(h) = -h**2 - 2. Let o(c) = c**3 - 7*c**2 + 2*c. Let z(n) = f*x(n) + o(n). Give z(5).
-13
Let z(i) = i**2 + 1. Let d(c) = -4*c**3 + 6*c**2 + 3. Let v(f) = -d(f) + 4*z(f). Let r(t) = -11*t + 0*t + 14*t + 58. Let n be r(-19). What is v(n)?
3
Let s(d) = -2*d - 15. Suppose -24*z = -27*z + 5*m + 10, -m - 2 = -3*z. What is s(z)?
-15
Let d = -32 + 122. Let m = 95 - d. Let n(g) = g**3 - 4*g**2 - 6*g + 4. Determine n(m).
-1
Let x(d) = -d**3 + 12*d**2 - 15*d - 12. Suppose -7*u - 5*l + 17 + 63 = 0, 0 = 4*u - 5*l - 30. What is x(u)?
38
Let f(d) = -3*d**2 + 78*d - 442. Let x be f(16). Let l(r) = r**2 - 34*r - 159. What is l(x)?
-7
Let z = 270 + -270. Let b be 2 - (-5 - (z + 2)). Let c(i) = i**2 - 11*i + 3. Give c(b).
-15
Let u(h) = 2*h + 1 - h**3 - 11 + 9 - 3 - 20*h**2 + 25*h**2. Let g(p) = 5*p**2 + p + 1. Let b be g(-1). What is u(b)?
6
Let g(c) = c**3 - 3*c**2 - 32*c - 7. Suppose -3*r + 21 = 0, 5*f + 39*r - 49 = 37*r. What is g(f)?
-35
Let i(o) = -o**3 + 3*o**2 + 6*o - 3. Let b = 142 - 122. Let x be (32/b)/((-15)/25 - -1). Calculate i(x).
5
Let a(x) = -5*x + 12. Suppose 2*l + 6 = -2*z, 5*z + 20*l = 24*l - 24. Determine a(z).
32
Let n(f) = -f**3 + 2*f**2 + 3*f + 4. Let c = -164 - -144. Let o be (-72)/c - 4/(-10). Calculate n(o).
-16
Let x(j) = j**3 - 16*j**2 + 14*j + 18. Suppose 3*i + 503 = i - 5*n, -5*n + 1021 = -4*i. Let a = -239 - i. What is x(a)?
3
Let j = 581 - 1057. Let z = j + 469. Let n(o) = -o**3 - 6*o**2 + 8*o + 5. Determine n(z).
-2
Let f be ((-15)/6)/((-7)/14). Suppose 0 = -7*q - 2 - f. Let z(t) = -5*t. Give z(q).
5
Let t(y) = 44*y**2 + y + 1. Let m be 5 + -8 + 34/((-340)/(-20)). What is t(m)?
44
Let o(y) = -3*y**2 - 18*y - 9. Let n(k) = 3248*k**2 - 35*k - 3*k - 21 - 3255*k**2. Let b(p) = 4*n(p) - 9*o(p). Give b(9).
6
Let n(x) be the third derivative of x**6/120 - x**5/12 + 5*x**4/24 - x**3/2 + 5*x**2. Suppose 3*g = 7*a - 6*a + 6, -3*g - 3 = -4*a. Give n(g).
-6
Let a(t) = -t**2 - 9*t - 4. Let s be a(-8). Let u(n) = n**2 - 3*n - 14. Let w(h) = -3*h**2 + 9*h + 39. Let y(r) = 17*u(r) + 6*w(r). What is y(s)?
-8
Suppose 0 = -5*a + 5*f + 65, -4*a + 20 = -2*a - 5*f. Suppose -17 = m - a. Let j(u) = u**3 - 2*u**2 - 4*u - 2. Determine j(m).
-10
Let o(y) be the third derivative of -13*y**9/60480 + y**8/20160 - y**6/720 + y**5/10 - y**4/24 + 21*y**2. Let a(j) be the third derivative of o(j). Give a(-1).
13
Let y(z) = -z**2 - 4*z - 3. Suppose -1 = 12*b - 11*b. Let j be b*15*48/60. Let a = j + 8. Determine y(a).
-3
Let g(c) be the third derivative of -c**6/120 + 4*c**5/15 - c**4/12 + 23*c**3/6 - 1099*c**2. Determine g(16).
-9
Let i(j) be the third derivative of j**6/120 - j**5/6 - 13*j**4/24 + 5*j**3/2 - 389*j**2. Determine i(11).
-7
Let b(c) = -5*c**3 - c + 1. Let u(g) be the first derivative of -3*g**2 - 95*g + 114. Let w be u(-16). What is b(w)?
-5
Let f be 218/12 + 7/(-42). Let c = -13 + f. Suppose -d + 0*d = -c. Let u(v) = v**3 - 4*v**2 - 7*v + 6. Calculate u(d).
-4
Let r = -23 + 16. Let j(q) = q - 12. Let k(a) = -2*a + 17. Let n(u) = r*j(u) - 5*k(u). Give n(-3).
-10
Let h(o) be the third derivative of -17*o**4/24 + 3*o**3 + 3*o**2 + 785*o. What is h(0)?
18
Let w(h) = h**3 + h**2 - 2*h. Suppose -4*u = 5*l - 338, 7*u - 340 = -5*l + 2*u. Let y = l - 64. Suppose 6*c = c - 3*j + 5, -y*j = 5*c. What is w(c)?
0
Let c(z) = 10*z**3 + 31*z**2 - 11*z + 11. Let t(l) = -l**3 - 3*l**2 + l - 2. Let i(j) = c(j) + 11*t(j). Give i(4).
-107
Let a(k) = k - 2. Let t = 195 - 147. Let y be 10/4*t/(-30). Calculate a(y).
-6
Let n(t) be the first derivative of -11/2*t**2 - 1 - 23*t - 1/3*t**3. Determine n(-9).
-5
Let y(l) be the third derivative of 77*l**2 + 0*l + 0 - 1/12*l**4 - 5/6*l**3 + 1/60*l**5. Calculate y(5).
10
Let f(t) = -t**3 + 14*t**2 - 9*t + 22. Let a be f(13). Let p(h) = -11 - a*h + 20*h + 28*h + 25*h. Let y = 15 - 20. What is p(y)?
-6
Let g(s) be the third derivative of s**5/60 - 3*s**4/8 + s**3/2 - 1631*s**2. What is g(8)?
-5
Let b(i) = -52 - 236*i - 112*i + 35*i**2 + i**3 + 451*i - 9*i**2. Determine b(-21).
-10
Suppose 13 = 5*u + 3. Let z(p) = 9 - 2*p + 7*p + 3*p + p**u. What is z(-7)?
2
Suppose -4 = -3*t + u, -5*u + 48 = -10*t + 12*t. Let 